t is the units digit of (u/(-6))/((-8)/(-48))?
6
Suppose w - 5*w + 72 = 0. Suppose -4*j - 2 + w = 0. What is the tens digit of ((-52)/6)/(j/(-6))?
1
Let x = -29 - -48. What is the units digit of x?
9
Let w be 2/2*(5 - 0). Suppose h + 2*m = 11, -w*h + 2*m + 7 = -0. What is the units digit of h?
3
Suppose 0 = -5*a + 37 - 2. Suppose 3*k = -n - 4, -k - 1 - a = -3*n. What is the units digit of n?
2
Let s = 27 - 17. What is the units digit of 4/(-8)*(2 - s)?
4
Let c(h) = 2*h**3 - 41*h**2 + 9*h - 37. Let v(o) = -o**3 + 20*o**2 - 4*o + 18. Let d(y) = 4*c(y) + 9*v(y). What is the units digit of d(16)?
4
Let k(u) be the second derivative of u**5/20 + u**4/12 - u**3/6 - u**2 + u. Let f be (-15)/(-10) + 2/4. What is the units digit of k(f)?
8
Let x = 10 - 7. Suppose -51 = -0*m - x*m. What is the units digit of m?
7
Let a = -2 + 5. Suppose -a - 3 = -l. Suppose -3*c + 4*c = l. What is the units digit of c?
6
Let x = -15 - -52. What is the tens digit of x?
3
Suppose -7*p + 575 = 78. What is the units digit of p?
1
Suppose -3*g + 2 = -2*g. Suppose g*a - 7*o - 14 = -3*o, -a = -5*o - 19. Let u(h) = -7*h - 1. What is the units digit of u(a)?
6
Suppose -2*u + 236 = 4*q, -167 = -2*q - q - 4*u. What is the tens digit of q?
6
Let q(i) = i + 12. Let j be q(-10). Suppose -48 = -j*x - x. What is the tens digit of (x/(-4))/(4/(-14))?
1
Suppose -5*p - 2*v + 25 = -61, -4*v + 10 = p. What is the units digit of p?
8
Suppose 0 = -0*y + 3*y - 96. What is the tens digit of y?
3
Let p(x) = -2*x - 3. Let b(t) = 3*t + 5. Let r(z) = -3*b(z) - 5*p(z). Let w be r(0). Suppose w = -d + 10 + 1. What is the tens digit of d?
1
Suppose 10*n - 14*n = -88. What is the tens digit of n?
2
Let v(t) be the second derivative of 2*t**3/3 - 3*t**2 + 2*t. What is the tens digit of v(5)?
1
Let u = 11 - 14. What is the tens digit of u*(-1 - (5 + 0))?
1
Suppose w + 2 = 3*w. What is the tens digit of (-2 - 1/w) + 34?
3
Suppose -2*w + 12 + 22 = 0. Let a = w + -8. Suppose 2*g - 35 = -5*t, -5*g - a = 5*t - 59. What is the units digit of t?
5
Let j(u) = u**3 - u**2 + u + 5. Let s be j(0). Suppose d = 4*m - 27, m = 5*m - 5*d - 39. Let x = m - s. What is the units digit of x?
1
Let l = -41 + -10. Let s = l + 86. Suppose j = 2*i - s, 7*j = 5*i + 4*j - 85. What is the tens digit of i?
2
Let t(k) = -5*k + 2. Let c(h) = h. Let o(b) = 21*c(b) + 3*t(b). What is the units digit of o(3)?
4
Let y = -107 - -308. What is the tens digit of y?
0
Let g = -23 - -32. What is the units digit of g?
9
Let c = 24 + 36. Suppose 0 = -m - 4*m + c. What is the units digit of m?
2
Let b be (-1 + 0)/((-4)/8). Let a be 9*3 + 1 - b. Suppose -2*q - 2*q = 2*w - 28, 4*w - a = -2*q. What is the units digit of w?
4
Suppose -5*w - 180 = -0*w. Let y be (w/(-16))/(6/16). Suppose 0*l - y = -l. What is the units digit of l?
6
Suppose -x - 3*x - 4*u + 400 = 0, -2*u = 3*x - 305. What is the hundreds digit of x?
1
Suppose l = 4*q + 55, 0 = 2*l - 5*l + 5*q + 151. What is the units digit of l?
7
Let u(l) = 7*l + 1. Let n(k) = 2*k - 3. Let j(f) = -3*f + 5. Let q(d) = 3*j(d) + 5*n(d). Let p(x) = 2*q(x) + u(x). What is the units digit of p(1)?
0
Let s = 7 + -2. Suppose -s*t = -3*w + 8*w - 50, -2*w + 24 = 4*t. Suppose 2 = 5*v - w. What is the units digit of v?
2
Let g be ((-1)/2)/((-15)/240). Suppose -2*b + 30 = 4*h, 0 = 4*h - 12 - g. What is the units digit of b?
5
Let d be (1/(-1)*8)/(-2). Suppose -d*o + 16 = -4*v, 2*v + 0*v = -5*o - 15. What is the units digit of ((-4)/(-6))/(o/(-6))?
4
What is the tens digit of (7 - (-33)/(-6))/((-6)/(-472))?
1
Let m = -11 - -16. What is the units digit of -1 + 3 - (-25)/m?
7
Let q(d) = -2*d - 2. Let p(a) = -a**3 + a**2 + 2*a. Let j be p(-2). Let x be 2/j + (-29)/4. What is the units digit of q(x)?
2
Let a = -10 - -31. What is the units digit of a?
1
Let p = 53 + -53. Let a = -3 + 6. Let g = a - p. What is the units digit of g?
3
What is the units digit of (-12)/16 - (-182)/8?
2
Suppose 3*q - 4*q = 0. Suppose 0 = 5*i + 4*f - 17, q = 4*i + 4*f + f - 19. What is the units digit of i?
1
Let q be (1/2)/(3/36). Suppose -q = -w - w. What is the units digit of w?
3
Suppose -3*f + f + 8 = 0. What is the units digit of f?
4
Let y = -77 - -123. What is the units digit of y?
6
Let f = 11 - -16. Suppose -f = 3*o - 6. Let j(k) = -3*k - 10. What is the units digit of j(o)?
1
Suppose -2*f - 28 = -f. Let g = f + 90. Suppose -5*l - 4*j = -83, 3*l = 7*l + j - g. What is the tens digit of l?
1
Let y(u) = -u**3 - 10*u**2 - 21*u - 9. What is the units digit of y(-8)?
1
Let p(l) = -l**3 - 12*l**2 + 12*l + 19. What is the units digit of p(-13)?
2
Suppose 3*z - 8 = 4. Let j be (-12)/5 - 6/(-15). Let r = j + z. What is the units digit of r?
2
Let z be ((-4)/6*-6)/2. What is the tens digit of z*-5*(-1 - 0)?
1
What is the tens digit of 4/14 - (-1716)/21?
8
Suppose 3*p = -3*g, 2*p - 8 + 2 = -4*g. Let z be (6/4)/(p/8). What is the units digit of (-24)/6*2/z?
2
Suppose 6 = -a + 3*a. Suppose -a*p - 5*d + 4 = 47, 0 = p - d + 17. Let m = -10 - p. What is the units digit of m?
6
Let v(m) = -6*m**3 - 2*m**2 - 3*m - 1. What is the units digit of v(-2)?
5
What is the tens digit of (83/1)/(6/6)?
8
Let y(i) = -i**3 - 3*i**2 - 3*i + 3. Suppose -2*s + 1 - 7 = 0. What is the tens digit of y(s)?
1
Let s(d) = -d**2 - 5*d + 1. Let b be s(-4). Suppose 3*m - 49 = q, -m + 2*m + b*q + 5 = 0. What is the units digit of m?
5
Let z be 187/51 - (-1)/3. Suppose -11 = -2*d + j, 5*d - 9 = -z*j - 1. What is the units digit of d?
4
Let w be (-4)/14 - (-128)/56. Let m(v) = -2*v - v - v**2 - v + 4 + w*v**2. What is the units digit of m(3)?
1
Let c(z) be the first derivative of z**4/4 + 2*z**3 + 2*z**2 - 3*z + 1. Let s be c(-5). What is the units digit of (-6)/(-1) + (1 - s)?
5
Let h be 2/(-8)*(-5 + 1). Suppose -5*x - h = 3*l - 26, -2*x + 29 = 5*l. Suppose l*w - 12 = w. What is the units digit of w?
3
Let d(m) = -m + 3. Let p be d(8). Let j(i) = -6*i**2 - 7 - i**3 + 2 - 7*i - 1. What is the units digit of j(p)?
4
Let t = -15 + 21. What is the units digit of t?
6
Suppose 0*f + 68 = 2*f. Let z = f + -20. Let h = 30 - z. What is the units digit of h?
6
What is the units digit of 4 - (7 + -4 - 22)?
3
Suppose -27 = -m + 36. What is the units digit of m?
3
Suppose -9*o + 110 = -4*o. What is the tens digit of o?
2
Suppose -3*u + h = u - 149, 5*u + h = 193. What is the units digit of u?
8
What is the units digit of 1 + -3 + 7 + 0?
5
Let t(l) = -l**2 + 21 - 2*l - 9*l - 27. What is the tens digit of t(-4)?
2
Let w(q) be the first derivative of -q**3/3 + 5*q**2 - 7*q + 5. What is the tens digit of w(7)?
1
Let z = 5 + 5. Let m be 3/((-6)/(-32))*1. Let r = m - z. What is the units digit of r?
6
Suppose -3*r + 22 = 5*q - q, -5*q = -r - 18. Suppose s - 60 = -q*m - 4*s, 2*s = -3*m + 45. What is the units digit of m?
5
Let b(c) be the first derivative of c**3/3 + 5*c**2/2 - c + 1. Let q be b(-6). Suppose 4*p = q - 1. What is the units digit of p?
1
Let b = -13 - -4. Let g = b - -14. Suppose 5 = g*k - 15. What is the units digit of k?
4
Suppose -4*g + 3*d + 912 = -d, 228 = g + 4*d. What is the tens digit of g?
2
Let r(c) = -c + 1. Let x(q) = 0 + 1 + 6*q - 2*q. Let u(a) = -5*r(a) - x(a). What is the units digit of u(7)?
1
What is the units digit of ((-20)/(-40))/((-2)/(-4))?
1
Let s(o) = -2*o**3 + 9*o**2 - o - 1. What is the tens digit of s(4)?
1
Let o(a) be the first derivative of -a**3/3 - 4*a**2 - 5*a + 3. What is the units digit of o(-7)?
2
Let f(h) = 74*h**3 - 2*h**2 + h. Let q be f(1). Let w = -45 + q. What is the units digit of w?
8
Let v = -10 - 0. Let b = 15 + v. Suppose -b*z - 18 = -2*y - 5, 1 = -z. What is the units digit of y?
4
Suppose 2*q = f - 1 - 0, -5*q + 5*f = -10. Let c(w) = -w**2 + 1. Let k be c(q). What is the units digit of 1/(k/10 - -1)?
5
Let m(y) = -y**3 + 6*y**2 + 4*y + 18. What is the tens digit of m(6)?
4
Suppose -4*p - 5 = 5*q, 3*p + 0*q = -3*q. Suppose -p*l + 27 = -2*l. What is the units digit of l?
9
Let x(p) = -p**3 + p**2 + p + 13. Let d be x(0). Suppose 0 = -3*m + 8 + 1. Suppose -1 + d = m*h. What is the units digit of h?
4
Suppose 17*u - 5*u = 732. What is the units digit of u?
1
Let z = 37 - -53. What is the tens digit of z?
9
Let b = -68 - -38. Let s be (1 + 0)/((-6)/b). Suppose -s*w + l = 5*l - 76, -3*w + 4*l + 52 = 0. What is the tens digit of w?
1
Let